11/((-330)/(-12)). Suppose 4*t = g - 4*g + 1607, g - a = 0. What is the hundreds digit of t?
4
Let l(p) = -12*p**2 + 7 - 2*p**3 + 10*p + p + 7*p**2 - 9*p**2. Suppose 0 = k - 15*k - 112. What is the units digit of l(k)?
7
Let i = -6 - -6. Let u(r) = -r - 4. Let o be u(-13). Suppose l - o*l + 528 = i. What is the units digit of l?
6
Suppose 3*v + 2*z - 19 = 0, 3*v - 3*z = -8*z + 25. Suppose 4*l = v*r - 6 - 14, -2*r = 3*l - 8. Suppose l = -13*j + 23*j - 670. What is the tens digit of j?
6
Let u = -7658 + 15616. What is the thousands digit of u?
7
What is the ten thousands digit of ((-26932)/(-7))/((1/2)/(686/392))?
1
Let d(m) = 5*m**3 - 5*m**2 - 3*m + 13. Suppose 15 = 3*r - 3. What is the hundreds digit of d(r)?
8
Let w = -952 - -954. Suppose 4068 = 2*k + l, 3*k + 835 - 6951 = w*l. What is the thousands digit of k?
2
Let i be (15/21)/(-5) + (-320)/14. Let z be 334/4 + (-4)/8. Let o = i + z. What is the tens digit of o?
6
Suppose -77 = -15*u + 4*u. Let q(w) = w. Let m(l) = -15*l + 2. Let x(n) = -m(n) - 4*q(n). What is the units digit of x(u)?
5
Suppose 5*u + 45 = 5*r, u - 2 = 1. Let j(a) = -2*a**3 + r*a**2 + a**3 + 3 - 12 + 2*a**3 - 11*a. What is the tens digit of j(-11)?
3
Suppose 0 = -4*o + 2*h - 10, 5*o - 48*h = -44*h - 11. What is the hundreds digit of (-4)/o*(-3 - 8865/(-20))?
5
Let s(d) = -101*d - 60. What is the tens digit of s(-16)?
5
Let j be (-16)/(-6) - 1/(3/2). Suppose a + 0*u = j*u + 594, 2*u = -2*a + 1188. What is the units digit of a?
4
Suppose 15*g - 80274 = -24114. Let l = g + -2652. What is the thousands digit of l?
1
Suppose -5307690 + 9765518 = 516*t - 20695624. What is the ten thousands digit of t?
4
What is the tens digit of (-10758762)/(-927) - ((-6)/(-15) - 43/(-5))?
9
Suppose -h = -12*h + 44. What is the hundreds digit of (-24)/(2/(-108)*h)?
3
Let g = 9 + 23. Let o be (g/20)/(2/10). Suppose o*m + 507 = 1379. What is the units digit of m?
9
Suppose 3*f - 285 = -n, -3*n + 830 = 4*f - 0*f. Let o = n + 612. What is the hundreds digit of o?
8
Let p(o) = 2*o**3 - 3*o - 4. Suppose 20*v = 17*v - 9. Let f(w) = -w**2 - w + 1. Let q(t) = v*f(t) - p(t). What is the tens digit of q(-3)?
6
Suppose -148*j + 158*j = 220. Suppose -5*t - 5888 = -3*t. What is the units digit of (4/22 - t/j)/2?
7
Suppose -177*f + 501776 + 211003 = 0. What is the thousands digit of f?
4
Let r be (-61320)/(-154) + (-2)/11. Let g = 1729 - r. What is the thousands digit of g?
1
Let k = 1099 - 769. Suppose 0 = -y + 7 - 4. Suppose 5*j - n - k = n, -y*n - 335 = -5*j. What is the units digit of j?
4
Let f = 59913 + -28428. What is the units digit of f?
5
Suppose -11 = 2*u - 37. Let s(z) = 27*z + 28. What is the hundreds digit of s(u)?
3
Let k = -63332 - -128207. What is the thousands digit of k?
4
What is the ten thousands digit of 28*((-7205)/(-20) + 13)?
1
Suppose 22*f + 3629 = 3*r + 18*f, 15 = -3*f. What is the tens digit of r?
0
Let n(d) = d**3 + 17*d**2 - 16*d - 170. Let c be n(-17). What is the hundreds digit of (-34)/c*(1 + (-1 - 2109))?
7
Suppose 2*g + 37 = 2*i - 23, -5*i + g = -138. Suppose 0 = i*b - 28*b + 2. What is the tens digit of 5*(4 + b) + (-2 - -5)?
3
Suppose -14*v - 73*v = -109098. What is the hundreds digit of v?
2
Let z(x) = -4*x**2 - 21*x - 15. Let k be z(-7). Let g = k - -201. What is the units digit of g?
7
Let l be ((-2)/(-16))/(((-70)/(-160))/7). Let q be 3/((-2)/(-172)*2). Suppose -62 - q = -l*b - p, -b + 3*p = -106. What is the tens digit of b?
9
Let x be (-20)/6*(-14028)/35. Let v = x - 263. What is the hundreds digit of v?
0
Let s = 456 - -16274. What is the thousands digit of s?
6
Let w be 2/(-4)*6*-1. Suppose -g = y - 3 - 2, y - 11 = -4*g. Suppose -3*q - w = 0, -y*j - j + q = -337. What is the tens digit of j?
8
Let c(d) = -90*d - 8. Let j be c(-4). Let l = -1843 + j. What is the tens digit of ((-8)/(-6)*-1)/(14/l)?
4
Let s(m) = -33*m**3 + 2*m**2 - 11*m - 43. What is the tens digit of s(-4)?
4
Let h(q) = -5832*q**3 + 3*q**2 - 568*q - 1140. What is the units digit of h(-2)?
4
Let i = 56 + -55. Suppose i = 4*p - 3*c, 2*c + 16 = -5*p - 0*c. What is the tens digit of (-3 - (p - -1))/(16/(-504))?
6
Let z = 7914 - 967. What is the tens digit of z?
4
Let z = -10208 + 16632. What is the tens digit of z?
2
Suppose 18 = p - 5*m, 4*p + 5*m = -0*m + 22. Let q(y) = 4*y**2 + 13*y - 51. What is the tens digit of q(p)?
0
Let c(k) = -129*k + 19. Let s(v) = -36*v + 68. Let x be s(2). What is the tens digit of c(x)?
3
Suppose 19*a + 15158 - 70972 - 27520 = 0. What is the units digit of a?
6
Let s = 12 + 4. Let u be (s/(-24))/(2/(-15)). Suppose 5*b - 70 = -u*w, 0 = 2*w - 6*b + b - 14. What is the units digit of w?
2
Suppose 13*v = 67973 + 53559 + 16008. What is the tens digit of v?
8
Suppose 0 = -4*u - 4*b + 1912, 5*u - 1437 - 918 = 2*b. What is the tens digit of u?
7
Suppose 24 + 2139 = -4*c - 3*r, -5*c - 2712 = r. What is the tens digit of 15/(-18)*-6*c/(-15)?
8
Let i(y) = 27*y**2 - 4547*y + 262. What is the hundreds digit of i(178)?
3
Let g(c) = -c**3 + 13*c**2 - c - 11. Let x be g(10). Suppose x*p - 281*p + 286 = 0. What is the hundreds digit of p?
1
Let g be (-14 - (-2)/1)*60/9. Let s = 83 + g. What is the units digit of 32 - (-3 + 0 + 5) - s?
7
Suppose 52*v - 563637 = -18*v - 19*v. What is the thousands digit of v?
6
Let i be (3 - 23)/(-4) - 2. Suppose -2*w + 662 + 832 = 4*t, -1101 = -i*t + 5*w. What is the hundreds digit of t?
3
Let m(v) = 50*v**2 - 54*v + 350. What is the hundreds digit of m(8)?
1
Let j(w) = 3730*w**2 + 124*w - 594. What is the hundreds digit of j(5)?
2
Let u = -2449 + 4183. Suppose -u*d = -1733*d - 846. What is the hundreds digit of d?
8
Suppose -11*s - 11 = 22. Let m(q) = -109*q + 23. What is the units digit of m(s)?
0
Let r(p) = p**2 - 20*p + 19. Suppose 6*w - 3*w - 57 = 0. Let l be r(w). Suppose l = 5*i - o - 299, -3*o + 47 = i - 0*o. What is the tens digit of i?
5
Let c(s) = -s**3 + 4*s**2 + 3*s + 3. Let y be c(4). Suppose -2*k - 1190 = -4*o, -k = -6*k - y. What is the units digit of o?
6
Suppose -4*a - 3 = 3*s, -2*a - 11*s = -8*s + 9. Suppose -5*j - l - 1479 = -5339, -a*j + 5*l = -2344. What is the hundreds digit of j?
7
Let a = 35 - 31. Suppose 0 = -a*h + 9*h + 950. What is the units digit of ((-18)/(-15))/((-3)/h)?
6
Let s(h) = h**3 + 21*h**2 + 2*h + 35. Let c be s(-21). Let i(y) = -62*y - 39. What is the tens digit of i(c)?
9
Suppose -2*y + 38 = 2*v, 4*v - y - 66 = -5. Let n(j) = -j**3 + 18*j**2 - 3*j + 37. What is the tens digit of n(v)?
0
Suppose 6*g - 15729 - 6867 = 0. What is the hundreds digit of g?
7
Suppose -269*o + 6418216 = -73*o. What is the units digit of o?
6
What is the tens digit of (-2756)/(-78)*(5 - 2)?
0
Let j = 29 + -29. Suppose 3*s = 2*w + 296, -3*s + j*w = 2*w - 280. Let f = s + -55. What is the units digit of f?
1
Let n be (218/4)/((-19)/(-798)). Suppose 27*m - 20*m = n. What is the tens digit of m?
2
Suppose 27 = m + 8*m. Let d(x) = -1 - 8*x**3 + 2*x**2 - 8*x + 9*x + 6*x**m. What is the units digit of d(-3)?
8
Let t be 312310/110 - ((-31)/11 - -3). What is the units digit of t/5 + 29/145?
8
Let w(x) = -1493*x**3 + x**2 - 34*x - 34. What is the hundreds digit of w(-1)?
4
Let f be (-7 - -9*35/30)*(-16)/(-14). Let t(c) be the third derivative of 53*c**4/24 - 13*c**3/6 + 2*c**2. What is the units digit of t(f)?
9
Let j(d) = 2337*d + 251. What is the tens digit of j(7)?
1
Let q = -8969 - -21255. What is the tens digit of q?
8
Let i(u) = -u**3 + 63*u**2 + 553*u + 125. What is the tens digit of i(46)?
3
Suppose -103*d + 419812 + 41273 + 554804 = 0. What is the hundreds digit of d?
8
What is the units digit of 4/12*84441 - -24?
1
Let f(k) = -17*k + 192. Let m be f(11). Suppose 6*a = 3*a - m*s + 897, 3*a = -4*s + 900. What is the hundreds digit of a?
3
Suppose -3*z = -68 + 83. What is the tens digit of (569 - (-10)/z) + 5?
7
Let b(a) = -2*a. Let w(n) = 774*n + 3. Let u(h) = 5*b(h) - w(h). Let s be u(-1). Let f = s + -512. What is the hundreds digit of f?
2
Let n be (-56)/(-7)*(5 + 562/4). Let b = n - 247. What is the tens digit of b?
1
Let f be (-3 - (-352)/40) + 3/15. What is the units digit of 366/(1 + 1) + 18/f?
6
What is the tens digit of (-8)/(-92)*-1 + (-30684624)/(-552)?
8
Let s(k) = -6*k - 16. Let r be s(-4). Suppose 2*f + 5*t + 4 = 0, -4*f + r*t + 20 = 4*t. What is the units digit of f?
3
Suppos